the prime factors of 4487046892?
2, 5153, 217691
What are the prime factors of 80263632?
2, 3, 373, 4483
What are the prime factors of 14688538?
2, 7344269
List the prime factors of 394433385.
3, 5, 26295559
List the prime factors of 284168587.
157, 1809991
What are the prime factors of 53859089?
67, 803867
List the prime factors of 5852191307.
83, 70508329
What are the prime factors of 488957085?
3, 5, 43, 252691
What are the prime factors of 103181099?
7, 587, 25111
List the prime factors of 2643865979.
19, 71, 179, 10949
List the prime factors of 12246854.
2, 6123427
What are the prime factors of 40305906?
2, 3, 2239217
List the prime factors of 3865639549.
3865639549
What are the prime factors of 1796903094?
2, 3, 7, 17, 1031, 2441
What are the prime factors of 9991075?
5, 399643
What are the prime factors of 1305551930?
2, 5, 41, 3184273
What are the prime factors of 45194786?
2, 7, 13, 248323
What are the prime factors of 69959925?
3, 5, 7, 43, 1033
What are the prime factors of 842672561?
103, 8181287
What are the prime factors of 61073278?
2, 7, 53, 1553
What are the prime factors of 38897900?
2, 5, 541, 719
List the prime factors of 4602477914.
2, 47, 48962531
What are the prime factors of 1369715798?
2, 11, 59, 1055251
What are the prime factors of 119738145?
3, 5, 7982543
What are the prime factors of 50440521?
3, 16813507
List the prime factors of 218106793.
31, 43, 163621
List the prime factors of 443150505.
3, 5, 7, 1406827
What are the prime factors of 372428742?
2, 3, 7, 23, 385537
What are the prime factors of 857978304?
2, 3, 17, 83, 3167
List the prime factors of 3415746752.
2, 11, 197, 2239
List the prime factors of 35233617.
3, 11744539
What are the prime factors of 5914319878?
2, 83, 149, 487, 491
List the prime factors of 922391580.
2, 3, 5, 11, 1397563
What are the prime factors of 21820310?
2, 5, 61, 35771
What are the prime factors of 303813322?
2, 151906661
What are the prime factors of 180687475?
5, 17, 425147
What are the prime factors of 2285950786?
2, 7, 131, 1246429
What are the prime factors of 2907480963?
3, 969160321
What are the prime factors of 161351662?
2, 2957, 27283
List the prime factors of 270016157.
401, 547, 1231
List the prime factors of 12290724.
2, 3, 317, 359
What are the prime factors of 511161185?
5, 17, 823, 7307
List the prime factors of 158827228.
2, 7, 810343
What are the prime factors of 666957403?
7, 2423, 39323
What are the prime factors of 2119812528?
2, 3, 1567, 28183
List the prime factors of 11343696.
2, 3, 7, 13, 53
What are the prime factors of 59918240?
2, 5, 181, 2069
What are the prime factors of 303502770?
2, 3, 5, 19, 177487
List the prime factors of 621267697.
23, 4349, 6211
List the prime factors of 234112484.
2, 5521, 10601
What are the prime factors of 4258204533?
3, 11, 37, 35227
List the prime factors of 105218489.
105218489
List the prime factors of 30171277.
17, 31, 57251
List the prime factors of 28998040.
2, 5, 151, 4801
List the prime factors of 13672571.
11, 19, 65419
List the prime factors of 66426201.
3, 7380689
What are the prime factors of 93964667?
541, 173687
List the prime factors of 31208121.
3, 7, 71, 6977
List the prime factors of 79862251.
7, 877, 13009
What are the prime factors of 67688565?
3, 5, 7, 644653
List the prime factors of 1413280203.
3, 97, 1301, 3733
List the prime factors of 2621890784.
2, 81934087
What are the prime factors of 766965959?
73, 10506383
What are the prime factors of 278927239?
19, 3571, 4111
List the prime factors of 2197547577.
3, 27130217
What are the prime factors of 19759814?
2, 17, 581171
List the prime factors of 824133268.
2, 7, 2399, 12269
What are the prime factors of 839412677?
5099, 164623
List the prime factors of 1016376927.
3, 47, 7208347
What are the prime factors of 1557363102?
2, 3, 259560517
What are the prime factors of 2012644334?
2, 239, 4210553
What are the prime factors of 250837219?
250837219
List the prime factors of 59923905.
3, 5, 37, 107971
What are the prime factors of 170451143?
9929, 17167
List the prime factors of 179968415.
5, 11, 487, 6719
What are the prime factors of 67588127?
431, 156817
List the prime factors of 1490246535.
3, 5, 99349769
What are the prime factors of 1074035004?
2, 3, 7, 491, 26041
List the prime factors of 191743749.
3, 67, 317983
What are the prime factors of 189320334?
2, 3, 7, 157, 28711
List the prime factors of 3337073801.
53783, 62047
What are the prime factors of 328962258?
2, 3, 127, 151, 953
List the prime factors of 80746982.
2, 109, 370399
List the prime factors of 508228682.
2, 13, 19, 1028803
List the prime factors of 8634251183.
2503, 3449561
What are the prime factors of 199411897?
19, 10495363
List the prime factors of 827645872.
2, 51727867
List the prime factors of 1020526699.
1020526699
What are the prime factors of 1373143811?
13, 43, 2456429
What are the prime factors of 322462491?
3, 13, 67, 123407
List the prime factors of 7359380663.
29, 253771747
What are the prime factors of 772322698?
2, 7, 55165907
What are the prime factors of 496317129?
3, 7, 11, 191, 1607
What are the prime factors of 40355426?
2, 20177713
List the prime factors of 1022092928.
2, 7985101
What are the prime factors of 33680033?
1283, 26251
List the prime factors of 13452561.
3, 166081
List the prime factors of 39370371.
3, 29, 452533
List the prime factors of 20886764.
2, 5221691
What are the prime factors of 200477326?
2, 7, 292241
List the prime factors of 2262785483.
7, 11699, 27631
List the prime factors of 160335554.
2, 80167777
List the prime factors of 1587895719.
3, 529298573
What are the prime factors of 317202?
2, 3, 29, 1823
What are the prime factors of 103961814?
2, 3, 11, 41, 103, 373
List the prime factors of 159104299.
2003, 79433
List the prime factors of 35738751.
3, 89, 133853
What are the prime factors of 41976282?
2, 3, 19, 29, 12697
What are the prime factors of 3383500556?
2, 349, 2423711
List the prime factors of 247876140.
2, 3, 5, 557, 7417
List the prime factors of 790220247.
3, 137, 1922677
List the prime factors of 234021492.
2, 3, 6500597
What are the prime factors of 77285598?
2, 3, 13, 990841
List the prime factors of 3444097628.
2, 861024407
List the prime factors of 561125025.
3, 5, 347, 7187
What are the prime factors of 63799142?
2, 11, 67, 43283
What are the prime factors of 1352696000?
2, 5, 353, 479
List the prime factors of 597404095.
5, 119480819
List the prime factors of 2220186926.
2, 157, 1877, 3767
List the prime factors of 183770753.
183770753
What are the prime factors of 4479211552?
2, 631, 221831
What are the prime factors of 987962410?
2, 5, 43, 2297587
List the prime factors of 3477823.
229, 15187
What are the prime factors of 3325721815?
5, 13, 17, 3009703
List the prime factors of 713107738.
2, 7, 17, 29, 103319
What are the prime factors of 2517341711?
19, 4591, 28859
What are the prime factors of 348826401?
3, 7, 11, 41, 12277
List the prime factors of 231045137.
231045137
List the prime factors of 65743992.
2, 3, 41, 22271
What are the prime factors of 3041638904?
2, 31, 151, 81223
List the prime factors of 824209660.
2, 5, 41210483
What are the prime factors of 1735148956?
2, 227, 359, 5323
What are the prime factors of 221762692?
2, 55440673
What are the prime factors of 722161375?
5, 13, 37, 12011
What are the prime factors of 74943670?
2, 5, 7494367
What are the prime factors of 291656097?
3, 17, 73, 26113
List the prime factors of 258372787.
3023, 85469
What are the prime factors of 6282996?
2, 3, 17, 19, 1621
What are the prime factors of 192548560?
2, 5, 421, 5717
What are the prime factors of 5806622?
2, 17, 67, 2549
List the prime factors of 23191185.
3, 5, 661, 2339
List the prime factors of 104256225.
3, 5, 661, 701
List the prime factors of 628544825.
5, 17, 1478929
What are the prime factors of 13955135?
5, 23, 121349
What are the prime factors of 3631467?
3, 7, 29, 67, 89
What are the prime factors of 303696132?
2, 3, 25308011
List the prime factors of 29392718.
2, 29, 659, 769
List the prime factors of 6518250666.
2, 3, 313, 1156949
List the prime factors of 4013541.
3, 7, 19, 479
List the prime factors of 50429240.
2, 5, 1260731
List the prime factors of 60446114.
2, 30223057
What are the prime fa